{"id":196,"date":"2019-09-24T13:42:25","date_gmt":"2019-09-24T13:42:25","guid":{"rendered":"http:\/\/www.cilingirmersin.com\/eminusta\/?page_id=196"},"modified":"2019-09-24T13:42:27","modified_gmt":"2019-09-24T13:42:27","slug":"belgelerimiz","status":"publish","type":"page","link":"https:\/\/www.cilingirmersin.com\/eminusta\/belgelerimiz\/","title":{"rendered":"Belgelerimiz"},"content":{"rendered":"\n<ul class=\"wp-block-gallery columns-3 is-cropped wp-block-gallery-1 is-layout-flex wp-block-gallery-is-layout-flex\"><li class=\"blocks-gallery-item\"><figure><img loading=\"lazy\" decoding=\"async\" width=\"1024\" height=\"649\" src=\"http:\/\/www.cilingirmersin.com\/eminusta\/wp-content\/uploads\/2019\/09\/9dde7af6-13f1-410e-8695-fc4d1456608c-1024x649.jpg\" alt=\"\" data-id=\"197\" data-link=\"http:\/\/www.cilingirmersin.com\/eminusta\/?attachment_id=197\" class=\"wp-image-197\" srcset=\"https:\/\/www.cilingirmersin.com\/eminusta\/wp-content\/uploads\/2019\/09\/9dde7af6-13f1-410e-8695-fc4d1456608c-1024x649.jpg 1024w, https:\/\/www.cilingirmersin.com\/eminusta\/wp-content\/uploads\/2019\/09\/9dde7af6-13f1-410e-8695-fc4d1456608c-300x190.jpg 300w, https:\/\/www.cilingirmersin.com\/eminusta\/wp-content\/uploads\/2019\/09\/9dde7af6-13f1-410e-8695-fc4d1456608c-768x487.jpg 768w, https:\/\/www.cilingirmersin.com\/eminusta\/wp-content\/uploads\/2019\/09\/9dde7af6-13f1-410e-8695-fc4d1456608c.jpg 1356w\" sizes=\"auto, (max-width: 1024px) 100vw, 1024px\" \/><\/figure><\/li><li class=\"blocks-gallery-item\"><figure><img loading=\"lazy\" decoding=\"async\" width=\"1024\" height=\"703\" src=\"http:\/\/www.cilingirmersin.com\/eminusta\/wp-content\/uploads\/2019\/09\/77377f56-4876-4dc1-9cbb-754246c46200-1024x703.jpg\" alt=\"\" data-id=\"198\" data-link=\"http:\/\/www.cilingirmersin.com\/eminusta\/?attachment_id=198\" class=\"wp-image-198\" srcset=\"https:\/\/www.cilingirmersin.com\/eminusta\/wp-content\/uploads\/2019\/09\/77377f56-4876-4dc1-9cbb-754246c46200-1024x703.jpg 1024w, https:\/\/www.cilingirmersin.com\/eminusta\/wp-content\/uploads\/2019\/09\/77377f56-4876-4dc1-9cbb-754246c46200-300x206.jpg 300w, https:\/\/www.cilingirmersin.com\/eminusta\/wp-content\/uploads\/2019\/09\/77377f56-4876-4dc1-9cbb-754246c46200-768x528.jpg 768w, https:\/\/www.cilingirmersin.com\/eminusta\/wp-content\/uploads\/2019\/09\/77377f56-4876-4dc1-9cbb-754246c46200.jpg 1236w\" sizes=\"auto, (max-width: 1024px) 100vw, 1024px\" \/><\/figure><\/li><li class=\"blocks-gallery-item\"><figure><img loading=\"lazy\" decoding=\"async\" width=\"1024\" height=\"706\" src=\"http:\/\/www.cilingirmersin.com\/eminusta\/wp-content\/uploads\/2019\/09\/ac0163af-81f9-4d89-942b-54555aae7722-1024x706.jpg\" alt=\"\" data-id=\"199\" data-link=\"http:\/\/www.cilingirmersin.com\/eminusta\/?attachment_id=199\" class=\"wp-image-199\" srcset=\"https:\/\/www.cilingirmersin.com\/eminusta\/wp-content\/uploads\/2019\/09\/ac0163af-81f9-4d89-942b-54555aae7722-1024x706.jpg 1024w, https:\/\/www.cilingirmersin.com\/eminusta\/wp-content\/uploads\/2019\/09\/ac0163af-81f9-4d89-942b-54555aae7722-300x207.jpg 300w, https:\/\/www.cilingirmersin.com\/eminusta\/wp-content\/uploads\/2019\/09\/ac0163af-81f9-4d89-942b-54555aae7722-768x529.jpg 768w, https:\/\/www.cilingirmersin.com\/eminusta\/wp-content\/uploads\/2019\/09\/ac0163af-81f9-4d89-942b-54555aae7722.jpg 1248w\" sizes=\"auto, (max-width: 1024px) 100vw, 1024px\" \/><\/figure><\/li><li class=\"blocks-gallery-item\"><figure><img loading=\"lazy\" decoding=\"async\" width=\"923\" height=\"569\" src=\"http:\/\/www.cilingirmersin.com\/eminusta\/wp-content\/uploads\/2019\/09\/ee47df41-5a02-494a-96fe-dd58f0cc57a1-1.jpg\" alt=\"\" data-id=\"200\" data-link=\"http:\/\/www.cilingirmersin.com\/eminusta\/?attachment_id=200\" class=\"wp-image-200\" srcset=\"https:\/\/www.cilingirmersin.com\/eminusta\/wp-content\/uploads\/2019\/09\/ee47df41-5a02-494a-96fe-dd58f0cc57a1-1.jpg 923w, https:\/\/www.cilingirmersin.com\/eminusta\/wp-content\/uploads\/2019\/09\/ee47df41-5a02-494a-96fe-dd58f0cc57a1-1-300x185.jpg 300w, https:\/\/www.cilingirmersin.com\/eminusta\/wp-content\/uploads\/2019\/09\/ee47df41-5a02-494a-96fe-dd58f0cc57a1-1-768x473.jpg 768w\" sizes=\"auto, (max-width: 923px) 100vw, 923px\" \/><\/figure><\/li><\/ul>\n","protected":false},"excerpt":{"rendered":"","protected":false},"author":1,"featured_media":0,"parent":0,"menu_order":0,"comment_status":"closed","ping_status":"closed","template":"","meta":{"ngg_post_thumbnail":0,"footnotes":""},"class_list":["post-196","page","type-page","status-publish","hentry"],"yoast_head":"<!-- This site is optimized with the Yoast SEO plugin v26.9 - https:\/\/yoast.com\/product\/yoast-seo-wordpress\/ -->\n<title>Belgelerimiz | Mersin \u00c7ilingir Hizmetleri | Teknik Anahtar | Emin Usta<\/title>\n<meta name=\"description\" content=\"\u00c7ilingircinizden yetkili olup olmad\u0131\u011f\u0131n\u0131 g\u00f6steren belgeler isteyiniz.\" \/>\n<meta name=\"robots\" content=\"index, follow, max-snippet:-1, max-image-preview:large, max-video-preview:-1\" \/>\n<link rel=\"canonical\" href=\"https:\/\/www.cilingirmersin.com\/eminusta\/belgelerimiz\/\" \/>\n<meta property=\"og:locale\" content=\"tr_TR\" \/>\n<meta property=\"og:type\" content=\"article\" \/>\n<meta property=\"og:title\" content=\"Belgelerimiz | Mersin \u00c7ilingir Hizmetleri | Teknik Anahtar | Emin Usta\" \/>\n<meta property=\"og:description\" content=\"\u00c7ilingircinizden yetkili olup olmad\u0131\u011f\u0131n\u0131 g\u00f6steren belgeler isteyiniz.\" \/>\n<meta property=\"og:url\" content=\"https:\/\/www.cilingirmersin.com\/eminusta\/belgelerimiz\/\" \/>\n<meta property=\"og:site_name\" content=\"Mersin \u00c7ilingir Hizmetleri | Teknik Anahtar | Emin Usta\" \/>\n<meta property=\"article:publisher\" content=\"https:\/\/www.facebook.com\/teknikanahtarci\/\" \/>\n<meta property=\"article:modified_time\" content=\"2019-09-24T13:42:27+00:00\" \/>\n<meta property=\"og:image\" content=\"http:\/\/www.cilingirmersin.com\/eminusta\/wp-content\/uploads\/2019\/09\/9dde7af6-13f1-410e-8695-fc4d1456608c-1024x649.jpg\" \/>\n<meta name=\"twitter:card\" content=\"summary_large_image\" \/>\n<meta name=\"twitter:site\" content=\"@teknikanahtar\" \/>\n<script type=\"application\/ld+json\" class=\"yoast-schema-graph\">{\"@context\":\"https:\/\/schema.org\",\"@graph\":[{\"@type\":\"WebPage\",\"@id\":\"https:\/\/www.cilingirmersin.com\/eminusta\/belgelerimiz\/\",\"url\":\"https:\/\/www.cilingirmersin.com\/eminusta\/belgelerimiz\/\",\"name\":\"Belgelerimiz | Mersin \u00c7ilingir Hizmetleri | Teknik Anahtar | Emin Usta\",\"isPartOf\":{\"@id\":\"https:\/\/www.cilingirmersin.com\/eminusta\/#website\"},\"primaryImageOfPage\":{\"@id\":\"https:\/\/www.cilingirmersin.com\/eminusta\/belgelerimiz\/#primaryimage\"},\"image\":{\"@id\":\"https:\/\/www.cilingirmersin.com\/eminusta\/belgelerimiz\/#primaryimage\"},\"thumbnailUrl\":\"http:\/\/www.cilingirmersin.com\/eminusta\/wp-content\/uploads\/2019\/09\/9dde7af6-13f1-410e-8695-fc4d1456608c-1024x649.jpg\",\"datePublished\":\"2019-09-24T13:42:25+00:00\",\"dateModified\":\"2019-09-24T13:42:27+00:00\",\"description\":\"\u00c7ilingircinizden yetkili olup olmad\u0131\u011f\u0131n\u0131 g\u00f6steren belgeler isteyiniz.\",\"breadcrumb\":{\"@id\":\"https:\/\/www.cilingirmersin.com\/eminusta\/belgelerimiz\/#breadcrumb\"},\"inLanguage\":\"tr\",\"potentialAction\":[{\"@type\":\"ReadAction\",\"target\":[\"https:\/\/www.cilingirmersin.com\/eminusta\/belgelerimiz\/\"]}]},{\"@type\":\"ImageObject\",\"inLanguage\":\"tr\",\"@id\":\"https:\/\/www.cilingirmersin.com\/eminusta\/belgelerimiz\/#primaryimage\",\"url\":\"http:\/\/www.cilingirmersin.com\/eminusta\/wp-content\/uploads\/2019\/09\/9dde7af6-13f1-410e-8695-fc4d1456608c-1024x649.jpg\",\"contentUrl\":\"http:\/\/www.cilingirmersin.com\/eminusta\/wp-content\/uploads\/2019\/09\/9dde7af6-13f1-410e-8695-fc4d1456608c-1024x649.jpg\"},{\"@type\":\"BreadcrumbList\",\"@id\":\"https:\/\/www.cilingirmersin.com\/eminusta\/belgelerimiz\/#breadcrumb\",\"itemListElement\":[{\"@type\":\"ListItem\",\"position\":1,\"name\":\"Ana sayfa\",\"item\":\"https:\/\/www.cilingirmersin.com\/eminusta\/\"},{\"@type\":\"ListItem\",\"position\":2,\"name\":\"Belgelerimiz\"}]},{\"@type\":\"WebSite\",\"@id\":\"https:\/\/www.cilingirmersin.com\/eminusta\/#website\",\"url\":\"https:\/\/www.cilingirmersin.com\/eminusta\/\",\"name\":\"Mersin \u00c7ilingir Hizmetleri | Teknik Anahtar | Emin Usta\",\"description\":\"\",\"publisher\":{\"@id\":\"https:\/\/www.cilingirmersin.com\/eminusta\/#organization\"},\"potentialAction\":[{\"@type\":\"SearchAction\",\"target\":{\"@type\":\"EntryPoint\",\"urlTemplate\":\"https:\/\/www.cilingirmersin.com\/eminusta\/?s={search_term_string}\"},\"query-input\":{\"@type\":\"PropertyValueSpecification\",\"valueRequired\":true,\"valueName\":\"search_term_string\"}}],\"inLanguage\":\"tr\"},{\"@type\":\"Organization\",\"@id\":\"https:\/\/www.cilingirmersin.com\/eminusta\/#organization\",\"name\":\"Mersin \u00c7ilingir Hizmetleri | Teknik Anahtar | Emin Usta Hizmeinizde\",\"url\":\"https:\/\/www.cilingirmersin.com\/eminusta\/\",\"logo\":{\"@type\":\"ImageObject\",\"inLanguage\":\"tr\",\"@id\":\"https:\/\/www.cilingirmersin.com\/eminusta\/#\/schema\/logo\/image\/\",\"url\":\"https:\/\/www.cilingirmersin.com\/eminusta\/wp-content\/uploads\/2019\/09\/cropped-logo_8-2.png\",\"contentUrl\":\"https:\/\/www.cilingirmersin.com\/eminusta\/wp-content\/uploads\/2019\/09\/cropped-logo_8-2.png\",\"width\":286,\"height\":126,\"caption\":\"Mersin \u00c7ilingir Hizmetleri | Teknik Anahtar | Emin Usta Hizmeinizde\"},\"image\":{\"@id\":\"https:\/\/www.cilingirmersin.com\/eminusta\/#\/schema\/logo\/image\/\"},\"sameAs\":[\"https:\/\/www.facebook.com\/teknikanahtarci\/\",\"https:\/\/x.com\/teknikanahtar\",\"https:\/\/www.instagram.com\/teknik_anahtarci\/\"]}]}<\/script>\n<!-- \/ Yoast SEO plugin. -->","yoast_head_json":{"title":"Belgelerimiz | Mersin \u00c7ilingir Hizmetleri | Teknik Anahtar | Emin Usta","description":"\u00c7ilingircinizden yetkili olup olmad\u0131\u011f\u0131n\u0131 g\u00f6steren belgeler isteyiniz.","robots":{"index":"index","follow":"follow","max-snippet":"max-snippet:-1","max-image-preview":"max-image-preview:large","max-video-preview":"max-video-preview:-1"},"canonical":"https:\/\/www.cilingirmersin.com\/eminusta\/belgelerimiz\/","og_locale":"tr_TR","og_type":"article","og_title":"Belgelerimiz | Mersin \u00c7ilingir Hizmetleri | Teknik Anahtar | Emin Usta","og_description":"\u00c7ilingircinizden yetkili olup olmad\u0131\u011f\u0131n\u0131 g\u00f6steren belgeler isteyiniz.","og_url":"https:\/\/www.cilingirmersin.com\/eminusta\/belgelerimiz\/","og_site_name":"Mersin \u00c7ilingir Hizmetleri | Teknik Anahtar | Emin Usta","article_publisher":"https:\/\/www.facebook.com\/teknikanahtarci\/","article_modified_time":"2019-09-24T13:42:27+00:00","og_image":[{"url":"http:\/\/www.cilingirmersin.com\/eminusta\/wp-content\/uploads\/2019\/09\/9dde7af6-13f1-410e-8695-fc4d1456608c-1024x649.jpg","type":"","width":"","height":""}],"twitter_card":"summary_large_image","twitter_site":"@teknikanahtar","schema":{"@context":"https:\/\/schema.org","@graph":[{"@type":"WebPage","@id":"https:\/\/www.cilingirmersin.com\/eminusta\/belgelerimiz\/","url":"https:\/\/www.cilingirmersin.com\/eminusta\/belgelerimiz\/","name":"Belgelerimiz | Mersin \u00c7ilingir Hizmetleri | Teknik Anahtar | Emin Usta","isPartOf":{"@id":"https:\/\/www.cilingirmersin.com\/eminusta\/#website"},"primaryImageOfPage":{"@id":"https:\/\/www.cilingirmersin.com\/eminusta\/belgelerimiz\/#primaryimage"},"image":{"@id":"https:\/\/www.cilingirmersin.com\/eminusta\/belgelerimiz\/#primaryimage"},"thumbnailUrl":"http:\/\/www.cilingirmersin.com\/eminusta\/wp-content\/uploads\/2019\/09\/9dde7af6-13f1-410e-8695-fc4d1456608c-1024x649.jpg","datePublished":"2019-09-24T13:42:25+00:00","dateModified":"2019-09-24T13:42:27+00:00","description":"\u00c7ilingircinizden yetkili olup olmad\u0131\u011f\u0131n\u0131 g\u00f6steren belgeler isteyiniz.","breadcrumb":{"@id":"https:\/\/www.cilingirmersin.com\/eminusta\/belgelerimiz\/#breadcrumb"},"inLanguage":"tr","potentialAction":[{"@type":"ReadAction","target":["https:\/\/www.cilingirmersin.com\/eminusta\/belgelerimiz\/"]}]},{"@type":"ImageObject","inLanguage":"tr","@id":"https:\/\/www.cilingirmersin.com\/eminusta\/belgelerimiz\/#primaryimage","url":"http:\/\/www.cilingirmersin.com\/eminusta\/wp-content\/uploads\/2019\/09\/9dde7af6-13f1-410e-8695-fc4d1456608c-1024x649.jpg","contentUrl":"http:\/\/www.cilingirmersin.com\/eminusta\/wp-content\/uploads\/2019\/09\/9dde7af6-13f1-410e-8695-fc4d1456608c-1024x649.jpg"},{"@type":"BreadcrumbList","@id":"https:\/\/www.cilingirmersin.com\/eminusta\/belgelerimiz\/#breadcrumb","itemListElement":[{"@type":"ListItem","position":1,"name":"Ana sayfa","item":"https:\/\/www.cilingirmersin.com\/eminusta\/"},{"@type":"ListItem","position":2,"name":"Belgelerimiz"}]},{"@type":"WebSite","@id":"https:\/\/www.cilingirmersin.com\/eminusta\/#website","url":"https:\/\/www.cilingirmersin.com\/eminusta\/","name":"Mersin \u00c7ilingir Hizmetleri | Teknik Anahtar | Emin Usta","description":"","publisher":{"@id":"https:\/\/www.cilingirmersin.com\/eminusta\/#organization"},"potentialAction":[{"@type":"SearchAction","target":{"@type":"EntryPoint","urlTemplate":"https:\/\/www.cilingirmersin.com\/eminusta\/?s={search_term_string}"},"query-input":{"@type":"PropertyValueSpecification","valueRequired":true,"valueName":"search_term_string"}}],"inLanguage":"tr"},{"@type":"Organization","@id":"https:\/\/www.cilingirmersin.com\/eminusta\/#organization","name":"Mersin \u00c7ilingir Hizmetleri | Teknik Anahtar | Emin Usta Hizmeinizde","url":"https:\/\/www.cilingirmersin.com\/eminusta\/","logo":{"@type":"ImageObject","inLanguage":"tr","@id":"https:\/\/www.cilingirmersin.com\/eminusta\/#\/schema\/logo\/image\/","url":"https:\/\/www.cilingirmersin.com\/eminusta\/wp-content\/uploads\/2019\/09\/cropped-logo_8-2.png","contentUrl":"https:\/\/www.cilingirmersin.com\/eminusta\/wp-content\/uploads\/2019\/09\/cropped-logo_8-2.png","width":286,"height":126,"caption":"Mersin \u00c7ilingir Hizmetleri | Teknik Anahtar | Emin Usta Hizmeinizde"},"image":{"@id":"https:\/\/www.cilingirmersin.com\/eminusta\/#\/schema\/logo\/image\/"},"sameAs":["https:\/\/www.facebook.com\/teknikanahtarci\/","https:\/\/x.com\/teknikanahtar","https:\/\/www.instagram.com\/teknik_anahtarci\/"]}]}},"_links":{"self":[{"href":"https:\/\/www.cilingirmersin.com\/eminusta\/wp-json\/wp\/v2\/pages\/196","targetHints":{"allow":["GET"]}}],"collection":[{"href":"https:\/\/www.cilingirmersin.com\/eminusta\/wp-json\/wp\/v2\/pages"}],"about":[{"href":"https:\/\/www.cilingirmersin.com\/eminusta\/wp-json\/wp\/v2\/types\/page"}],"author":[{"embeddable":true,"href":"https:\/\/www.cilingirmersin.com\/eminusta\/wp-json\/wp\/v2\/users\/1"}],"replies":[{"embeddable":true,"href":"https:\/\/www.cilingirmersin.com\/eminusta\/wp-json\/wp\/v2\/comments?post=196"}],"version-history":[{"count":1,"href":"https:\/\/www.cilingirmersin.com\/eminusta\/wp-json\/wp\/v2\/pages\/196\/revisions"}],"predecessor-version":[{"id":201,"href":"https:\/\/www.cilingirmersin.com\/eminusta\/wp-json\/wp\/v2\/pages\/196\/revisions\/201"}],"wp:attachment":[{"href":"https:\/\/www.cilingirmersin.com\/eminusta\/wp-json\/wp\/v2\/media?parent=196"}],"curies":[{"name":"wp","href":"https:\/\/api.w.org\/{rel}","templated":true}]}}